the greatest common divisor of 48 and 208?
16
What is the highest common factor of 28 and 6202?
14
What is the greatest common divisor of 288 and 648?
72
Calculate the highest common factor of 147 and 84.
21
Calculate the highest common factor of 251 and 1.
1
Calculate the highest common factor of 742 and 4293.
53
What is the greatest common factor of 1494 and 18?
18
Calculate the highest common factor of 5 and 1215.
5
Calculate the highest common factor of 427 and 7.
7
Calculate the greatest common factor of 666 and 518.
74
What is the greatest common divisor of 69 and 391?
23
What is the highest common factor of 95 and 27835?
95
What is the greatest common factor of 143 and 1313?
13
What is the highest common factor of 22 and 946?
22
What is the greatest common divisor of 437 and 19?
19
Calculate the highest common factor of 8 and 200.
8
Calculate the highest common factor of 342 and 399.
57
Calculate the greatest common factor of 207 and 1173.
69
Calculate the highest common factor of 24 and 348.
12
Calculate the greatest common factor of 1485 and 675.
135
What is the greatest common factor of 175 and 28?
7
What is the greatest common factor of 3924 and 24?
12
Calculate the greatest common divisor of 404 and 505.
101
What is the greatest common divisor of 6 and 12?
6
Calculate the highest common divisor of 441 and 196.
49
Calculate the highest common divisor of 51 and 21.
3
What is the greatest common divisor of 40 and 250?
10
What is the greatest common factor of 26 and 390?
26
Calculate the greatest common divisor of 8793 and 9.
9
Calculate the greatest common factor of 7112 and 98.
14
What is the greatest common divisor of 36 and 450?
18
What is the highest common divisor of 100 and 1100?
100
Calculate the greatest common divisor of 24467 and 43.
43
What is the greatest common divisor of 20 and 12?
4
What is the greatest common divisor of 5925 and 45?
15
What is the highest common factor of 504 and 5208?
168
What is the highest common factor of 231 and 22?
11
What is the highest common divisor of 11 and 4213?
11
What is the highest common divisor of 852 and 84?
12
What is the highest common divisor of 7 and 238?
7
What is the highest common factor of 552 and 322?
46
Calculate the greatest common divisor of 159 and 106.
53
What is the greatest common divisor of 41 and 82?
41
Calculate the highest common factor of 1632 and 51.
51
Calculate the highest common factor of 216 and 504.
72
Calculate the highest common divisor of 2405 and 52.
13
Calculate the highest common divisor of 3556 and 381.
127
Calculate the greatest common divisor of 4 and 732.
4
What is the greatest common divisor of 38 and 3667?
19
What is the highest common factor of 518 and 148?
74
Calculate the highest common factor of 42 and 18417.
21
What is the highest common divisor of 960 and 2280?
120
What is the greatest common divisor of 1 and 101?
1
What is the greatest common factor of 3822 and 1176?
294
What is the greatest common factor of 90 and 190?
10
Calculate the greatest common divisor of 144 and 9.
9
Calculate the highest common factor of 6370 and 7.
7
What is the greatest common factor of 56 and 1148?
28
What is the highest common factor of 132 and 198?
66
What is the greatest common divisor of 38 and 1463?
19
What is the greatest common divisor of 6831 and 231?
33
What is the greatest common divisor of 235 and 60?
5
Calculate the highest common factor of 2 and 8.
2
What is the greatest common factor of 333 and 4218?
111
Calculate the greatest common divisor of 292 and 1971.
73
What is the greatest common divisor of 1090 and 1744?
218
What is the greatest common factor of 26 and 91?
13
What is the highest common factor of 189 and 3906?
63
What is the highest common divisor of 53 and 3657?
53
Calculate the greatest common divisor of 434 and 2294.
62
Calculate the greatest common factor of 18 and 306.
18
What is the highest common factor of 6 and 318?
6
Calculate the highest common factor of 6 and 3957.
3
What is the greatest common factor of 62 and 1054?
62
What is the greatest common divisor of 54 and 9153?
27
Calculate the highest common factor of 324 and 144.
36
Calculate the highest common factor of 4437 and 29.
29
Calculate the greatest common factor of 176 and 11.
11
Calculate the greatest common factor of 275 and 4675.
275
Calculate the highest common factor of 671 and 61.
61
What is the greatest common divisor of 2795 and 260?
65
Calculate the greatest common factor of 350 and 14.
14
Calculate the highest common divisor of 27219 and 129.
129
What is the greatest common factor of 400 and 425?
25
What is the highest common factor of 84 and 12156?
12
Calculate the greatest common divisor of 64 and 4688.
16
Calculate the highest common factor of 42 and 21966.
42
Calculate the greatest common divisor of 240 and 660.
60
What is the greatest common divisor of 6920 and 50?
10
Calculate the greatest common divisor of 1128 and 1269.
141
What is the greatest common factor of 35 and 10451?
7
Calculate the greatest common divisor of 66 and 891.
33
What is the highest common factor of 432 and 8?
8
Calculate the highest common divisor of 20 and 112.
4
Calculate the greatest common divisor of 520 and 2665.
65
Calculate the highest common divisor of 666 and 312.
6
Calculate the highest common factor of 85 and 40.
5
Calculate the greatest common divisor of 19 and 1007.
19
What is the highest common factor of 132 and 15356?
44
What is the highest common factor of 130 and 2925?
65
Calculate the highest common divisor of 39 and 5408.
13
What is the greatest common divisor of 70 and 728?
14
Calculate the greatest common divisor of 94 and 2.
2
Calculate the highest common factor of 256 and 8.
8
Calculate the greatest common divisor of 364 and 3220.
28
What is the greatest common divisor of 143 and 187?
11
Calculate the greatest common factor of 1150 and 100.
50
What is the greatest common divisor of 476 and 28?
28
Calculate the highest common factor of 40 and 180.
20
What is the greatest common factor of 825 and 20?
5
What is the greatest common divisor of 5 and 4?
1
Calculate the highest common factor of 30 and 395.
5
What is the highest common factor of 481 and 148?
37
What is the highest common divisor of 98 and 364?
14
What is the greatest common factor of 4321 and 2682?
149
What is the greatest common divisor of 378 and 56?
14
What is the greatest common divisor of 231 and 1122?
33
Calculate the highest common divisor of 210 and 330.
30
What is the highest common divisor of 90 and 12330?
90
Calculate the greatest common factor of 1 and 81.
1
Calculate the highest common factor of 192 and 64.
64
Calculate the highest common factor of 2120 and 20.
20
Calculate the highest common divisor of 500 and 60.
20
Calculate the greatest common divisor of 54 and 6.
6
What is the highest common factor of 731 and 17?
17
Calculate the greatest common divisor of 10807 and 404.
101
What is the highest common factor of 275 and 25?
25
Calculate the highest common factor of 106 and 10.
2
What is the greatest common factor of 66 and 1408?
22
Calculate the greatest common factor of 6880 and 60.
20
What is the greatest common divisor of 790 and 20?
10
Calculate the highest common divisor of 4 and 1240.
4
Calculate the greatest common factor of 1869 and 399.
21
What is the highest common divisor of 16 and 1264?
16
Calculate the highest common factor of 41 and 1025.
41
Calculate the highest common divisor of 13 and 169.
13
Calculate the highest common factor of 220 and 2266.
22
What is the greatest common factor of 90 and 114?
6
Calculate the highest common factor of 7 and 16.
1
Calculate the greatest common divisor of 336 and 192.
48
Calculate the highest common divisor of 336 and 231.
21
What is the highest common factor of 128 and 2368?
64
What is the highest common divisor of 2718 and 36?
18
Calculate the highest common divisor of 1022 and 28.
14
What is the greatest common factor of 9398 and 37?
37
What is the greatest common factor of 25 and 625?
25
Calculate the greatest common factor of 7 and 91.
7
Calculate the greatest common divisor of 24 and 264.
24
Calculate the greatest common factor of 40 and 2500.
20
Calculate the greatest common factor of 65 and 815.
5
What is the highest commo